 the value of 51 - 3 - ((37 - 41 - 5) + (7 - -11))?
39
Calculate -44 + -2 + (8 + -13 - -20) - -6.
-25
Calculate -2 + -6 - 39 - ((-8 - -1) + 17).
-57
What is the value of (-2 - -4) + 1 + 9 - (85 - -23 - 33)?
-63
What is -27 - (-51 - -40) - -34?
18
(67 + 0 - 11) + -3 + -6 + -1 + -2
44
-24 + 10 - (-28 + 2 - 1) - (8 + 5)
0
1 - -4 - (595 + -603)
13
What is (-141 - (91 - 96)) + 90?
-46
What is 52 + 0 + 0 + 179 + -78 + -91?
62
What is (1 - (7 - (-7 + 8))) + (-61 - -22)?
-44
Calculate (-144 - -64 - -134) + -1 + (1 + -13 - -1).
42
24 + -10 - (352 - 323)
-15
42 - (-9 + 60 + 52 + -76)
15
Evaluate 7 - (41 + -2) - (515 - 630).
83
Calculate -18008 + 17959 + -1 + 2 + 8 + 0.
-40
What is -1 + -3 + (-8 - -25 - 41) + 21?
-7
(11 - 30 - -27 - -20) + (-1 - 1 - -10)
36
Evaluate 183 - 215 - -16 - (4 - 0 - -1).
-21
What is the value of -8 - (0 - (-13 + 20) - -20 - 13)?
-8
What is 0 + 41 - (99 + -92 - 2)?
36
Evaluate (1 + -14 - -4 - 2) + (-92 - -75).
-28
Calculate 6 + (25 - (-18 + 42 - 18)).
25
Evaluate 426 - 333 - (-4 + 63).
34
Calculate -37 + 93 + -2 + (10 - 36).
28
What is the value of 71 + -67 + (0 - (10 - 1))?
-5
What is the value of -444 + 427 + (43 - (-4 - -4))?
26
Evaluate (0 - -8) + (42 - 52) - (-35 - 6).
39
Evaluate (-1 - -4 - 29) + -102 + 175.
47
What is the value of 1 + -1 + -13 + (-4159 - -4229)?
57
Evaluate -1 + -10 + -14 + -13 + 20 - 1.
-19
What is the value of (-47 - (-1 - 15)) + 22 + 63?
54
Calculate 5 - (16 + 116 + -85).
-42
What is -1 + -2 + 12 - (2 - (1 + 22))?
30
(0 - -8) + (-23 - (14 + -18)) + -49
-60
-13 + 7 + 9 + -23 - -10
-10
(-184 - (-161 + 91)) + (-1 - 5)
-120
Evaluate 99 + -175 - -116 - (132 + 1).
-93
Calculate -5 + 2 + 8 - 144 - (-424 + 410).
-125
Calculate 1 + -35 + 1 + (17 - (-25 - (-28 - 13))).
-32
-14 + (-97 - (-8 - (-26 - -12) - 12))
-105
Calculate (13 - -128 - (2 - (-18 + 4))) + (-4 - 5).
116
(-1 - (-2 - -3)) + (2296 + -2288 - (0 + -52))
58
(-1 - (12 - 14) - 9) + 11 - 16
-13
0 - -1 - -9 - (-325 + 291 + -11)
55
What is the value of -5 + -4 + -2 + -7 + (-4 - -1) + -6?
-27
What is (11 - (15 + -32)) + 11 + 0 + -3 + -5?
31
Evaluate -4 + (4 - 0) - -9 - (6 + (-22 - 15)).
40
Evaluate -26 + (-34 + 9 - -22 - -37).
8
(-7 - 7) + 3 - (16 - 15) - -8
-4
Evaluate -16 + -34 - -10 - -49.
9
(8 - 24) + 12 - (0 + -2 - (3 + 11))
12
What is -10 + (20 - (-12 + 5))?
17
What is the value of (9 - 3) + (-21 - (12 - 20)) + -16?
-23
Calculate -10 - (0 - 0) - (31 - (-22 - -61)) - -23.
21
-1 + 6 - (-38 + 42 + -61 - -14)
48
What is the value of 105 + -40 - (268 - 114)?
-89
-125 + -114 + 83 + 103
-53
What is the value of 89 - -1 - ((-12 - -9) + (-11 - -17)) - -4?
91
Evaluate -61 - ((-35 - -46) + -34).
-38
What is the value of 6 + -23 + -3 + -16 + -8?
-44
Calculate (-17 - -22) + -12 + 63 + -23.
33
Evaluate -11 + -53 - (11 + -17 + -7 + 10).
-61
What is -46 - ((205 - 186) + (-21 - -1))?
-45
What is the value of 48 + (68 - (11 + 97))?
8
What is (11 + -40 - -22) + 20 + 22?
35
What is the value of (-2254 - -2225) + -1 + -9?
-39
(-14 + 27 - (-7 + 7)) + -11 - -21
23
What is the value of ((13 - -14) + -10 - 56) + -9 + 0?
-48
Evaluate (-13 + -3 - (52 - (82 - 23))) + -109 + -2.
-120
-57 + 12 + (7 - (8 - 2))
-44
What is 473 + -465 - (1 - (-3 - (-48 + -1)))?
53
-20 + 85 - 14 - 44
7
What is (-179 - -234) + 3 + -107?
-49
What is 40 - (-11 + 5 + 16 + -8 + -8)?
46
Evaluate -5 + (-20 - -34) + 5 + -65.
-51
Calculate -55 + 13 + -8 + (0 - -11).
-39
Calculate (-1 - -10) + -146 + 138 - (3 - 3).
1
What is (-2 + 68 - -2) + -5021 + 5036?
83
What is (116 - (-48 - -261)) + -11?
-108
-7 + 4 + (-10 - -1) - (3046 + -3129)
71
Calculate (-7 - (10 - 5 - 5)) + 4 - 0 - 2.
-5
What is 6 + -12 - (12 + -52 + (-15 - (14 - 22)))?
41
117 - (-645 + 610 - (-3 - 72))
77
What is the value of 1 + -1 + 48 + -88 + 46?
6
What is (-26 - -8 - -8) + 5 + (0 - 1)?
-6
Evaluate 18 + 30 + -16 + 8 + 91 + -20.
111
What is the value of 13 + (-66 + (-2 - 1) - (-68 - 11 - -82))?
-59
Evaluate 26 + 0 + (-2 + 2 - ((10 - 12) + 4)).
24
Calculate (-9 - 5 - (-2 + 7 + 2 + -17)) + -49.
-53
-1 + -2 + 6 + 1 + 7 - 21
-10
Calculate -5 + 7 + -24 + -38 + 19.
-41
9 - (6 - (6 + (13 - (-10 - -21)))) - -87
98
What is (-9 - (-48 + 79)) + 51?
11
What is the value of -86 + 1 + (-150 - (-279 + 124))?
-80
Evaluate -6 + -89 - (50 + -31 - (-8 + 32 + -8)).
-98
What is the value of 86 + (0 + -16 - (-23 - (-2 + (-34 - -16))))?
73
Evaluate -30 + (66 - 65) + -1 + 1.
-29
What is the value of -25 - -7 - (12 - -1 - 18)?
-13
What is -30 - (12 - (4 - (1 - 9 - 0)) - 7)?
-23
What is 1 + -12 - (11737 + -11736)?
-12
Evaluate -41 - (72 + -45 - 64).
-4
Evaluate -1 + -10 + 17 + 69 + -261 + 246.
60
What is 4 + (26 - (112 + -9 - 1))?
-72
What is (-6 - (-3 + -1)) + 19 + -1 + -10?
6
Calculate (13 - -2) + -49 + (3 - (0 + -3)) - 4.
-32
What is the value of -51 + 8 + -5 + (15 + -29 - -21)?
-41
What is the value of 31 + (58 - (-51 + 90))?
50
Calculate (0 - 3) + -11 + 4 + -4 + 4 + 5.
-5
What is 0 - 43 - (847 + -857)?
-33
Evaluate 235 - 321 - (-45 + 3).
-44
Evaluate 14 + (-7 - (4 - 10)) + -5 + 1.
9
What is the value of 11 + -15 + (19 - 36 - -14)?
-7
Calculate (7 + 4 + -5 - ((-27 - 17) + 32)) + 10.
28
What is the value of 11 - ((-1 - 3) + 8) - (-139 - -178)?
-32
What is the value of 1 + 7 + (-7 + -4 - (-10 + 5)) + -16?
-14
What is (-12 - (-5 + 4)) + 14 + (-3 - -6) + 9?
15
What is the value of (-209 - (-23 - 75)) + 87?
-24
What is the value of -49 + -14 + ((37 - 25) + -9 + -1 - 6)?
-67
What is the value of -65 - -14 - (-46 - 113)?
108
-29 + 22 + (-6 + 0 - -26)
13
What is the value of (-98 - 0) + 106 + -1 + -29?
-22
What is the value of 49 + (8 - (60 - -1))?
-4
Calculate -21 + (-8 - (-33 + 159)) + 46.
-109
What is the value of -141 - -3 - (171 + (-14 - 191))?
-104
1 - (-181 + (18 - (10 + -31)))
143
Calculate (6 - ((-6 + 4 - 5) + 66)) + 2 + 9.
-42
Calculate 32 - (1 + -14 - (18 - 48 - -27)).
42
What is 7 + 0 + (-19 - -14 - 21) + 27 - 50?
-42
What is the value of (7 - (-9 + 36)) + 12 + -5 + 17?
4
What is (-10 - -7) + (17 - 3 - 7)?
4
Calculate 76 - (35 + (-23 - 20) - 1).
85
What is (1 - 2) + -2 - (146 + 138 - 279)?
-8
(2 + -1 - 1) + -67 + (-280 - -343)
-4
What is the value of -23 - (-11 - -33 - 40)?
-5
Evaluate -71 - (-9 - (-20 + -6 + -16 + 15)).
-89
Evaluate 62 + -21 - 7 - (-1 - -1 - -13).
21
What is -5 - (-28 + 30 + 11 + (4 - -94))?
-116
2546 + -2473 + (18 + -1 + (-1 - 2) - 4)
83
77 + (-8 - (10 + -12) - 19) + 12
64
What is (-2 - -37 - 12) + 172 + -235?
-40
Calculate 9 - (-4 - -1) - 4 - (-49 - (-92 - -22)).
-13
What is (-22 - 2) + 873 + -828?
21
What is -78 + 55 + (24 - 7) + 84?
78
What is the value of (-3 - 14 - -21) + (3 - 35)?
-28
Calculate -100 + 110 + (-17 - 6) - 83.
-96
What is the value of 39 - (63 + -62 + 1 + -12 + 3) - 0?
46
What is (172 - 134) + -118 + -3 + -9?
-92
What is (1 + -1 - -3) + -8793 + 8764?
-26
Evaluate 37 - 37 - (66 + -30).
-36
Calculate (-1292 - (1212 - 2519)) + (0 + 0 - (32 + 1)).
-18
Evaluate 193 - 165 - (-76 + 184).
-80
What is (-12 - -9 - -1) + (-8 - (-4 + -2)) - -56?
52
Evaluate (-17 - -3) + (0 - -2) + -11 + -14.
-37
Evaluate 21 + -35 + 4 + 0 + 1696 + -1769.
-83
What is the value of 12 + -26 + (24 - (17 - 1)) - (-1 + -69)?
64
What is -27 - (5 + 8 + -37 + 3 + 12)?
-18
-12 - (-7 + 12 + -8 + -101 + 63)
29
(-1 - (-1 - -32) - (-1728 - -1718)) + -35
-57
What is (10 - ((5 - 6) + -4)) + 16 + (8 - 18)?
21
What is (-8 - 46 - -14) + 33?
-7
9 + (32 - 25 - (-5 + 2 - (13 - 69)))
-37
0 - 42 - (7 + (-94 - -41))
4
What is -599 + 646 + (-5 - 0)?
42
Calculate 56 - (-50 + 165 - 49).
-10
Evaluate (10 - 3) + -20 - (-6 + (6 - 1)).
-12
39 - 12 - (15 - (49 - (3 - -21)))
37
Evaluate 3 + -8 - (14 + -27) - (15 - 4).
-3
What is the value of (-61 - (78 - 88)) + (-2 - (0 + 0))?
-53
What is the value of 87 - (-84 - -37 - -98)?
36
Evaluate 66 + -63 + -14 + (1 + -1 - -9).
-2
Evaluate (65 + 25 - 90) + -7 + 149 + -4.
138
Evaluate 70 + (-129 - -70 - -41).
52
Evaluate 4 - 1 - 12 - (12 + 26 + 57).
-104
Calculate 30 + (77 - 132) - (-28 + 0).
3
What is the value of (28 - 115 - -49) + 1 + 40?
3
Calculate -2 + 29 + (194 - 213) - -3.
11
What is the value of 2 + 17 - (-4 + -40 + 5 + -25)?
83
Evaluate 1 - 7 - -3 - (-18 + 9) - -21.
27
What is -5 + (-3 - -4) + (20 - (-59 + 33))?
42
Calculate -12 + -1 + -10 + 2 + 14 - -48.
41
Calculate 19 + 30 - -9 - (34 - 13).
37
Calculate -1 - (-2 - 11) - 3 - (60 - 49